s of 3442456?
2, 23, 53, 353
List the prime factors of 370469.
11, 33679
What are the prime factors of 9721495?
5, 7, 277757
What are the prime factors of 228875?
5, 1831
What are the prime factors of 183743?
7, 26249
What are the prime factors of 153723?
3, 51241
List the prime factors of 5831309.
11, 19, 27901
List the prime factors of 1371902.
2, 7, 13999
List the prime factors of 1000918.
2, 500459
What are the prime factors of 4766197?
59, 80783
What are the prime factors of 529373?
13, 43, 947
List the prime factors of 15808897.
13, 1216069
What are the prime factors of 22388456?
2, 17, 164621
What are the prime factors of 9147357?
3, 338791
List the prime factors of 3911440.
2, 5, 13, 3761
List the prime factors of 13271098.
2, 6635549
List the prime factors of 473501.
7, 17, 23, 173
List the prime factors of 678656.
2, 11, 241
What are the prime factors of 38691294?
2, 3, 67, 109, 883
List the prime factors of 2241668.
2, 11, 13, 3919
What are the prime factors of 2654881?
2654881
What are the prime factors of 41696?
2, 1303
What are the prime factors of 5138281?
31, 83, 1997
What are the prime factors of 927404?
2, 47, 4933
List the prime factors of 631227.
3, 17, 12377
What are the prime factors of 403969?
403969
List the prime factors of 149613.
3, 49871
List the prime factors of 1045959.
3, 17, 20509
What are the prime factors of 359630?
2, 5, 35963
What are the prime factors of 1016283?
3, 338761
List the prime factors of 32690.
2, 5, 7, 467
List the prime factors of 376895.
5, 43, 1753
What are the prime factors of 573493?
573493
List the prime factors of 27047378.
2, 1093, 12373
List the prime factors of 5615861.
5615861
What are the prime factors of 6279274?
2, 227, 13831
What are the prime factors of 30303?
3, 7, 13, 37
What are the prime factors of 445560?
2, 3, 5, 47, 79
What are the prime factors of 2096491?
17, 123323
List the prime factors of 156099.
3, 61, 853
List the prime factors of 209023.
43, 4861
What are the prime factors of 128096?
2, 4003
List the prime factors of 645053.
41, 15733
List the prime factors of 4206384.
2, 3, 7, 13, 107
List the prime factors of 585407.
557, 1051
List the prime factors of 3517476.
2, 3, 293123
What are the prime factors of 611415?
3, 5, 7, 647
What are the prime factors of 243287?
11, 17, 1301
List the prime factors of 6481589.
1129, 5741
List the prime factors of 8877472.
2, 277421
What are the prime factors of 12137044?
2, 3034261
List the prime factors of 9016025.
5, 43, 8387
What are the prime factors of 680800?
2, 5, 23, 37
What are the prime factors of 1302142?
2, 651071
List the prime factors of 104638.
2, 113, 463
List the prime factors of 28203317.
83, 339799
What are the prime factors of 27887?
79, 353
What are the prime factors of 902825?
5, 7, 11, 67
List the prime factors of 17164485.
3, 5, 13, 37, 61
List the prime factors of 1082174.
2, 541087
List the prime factors of 247109.
29, 8521
What are the prime factors of 251573?
7, 83, 433
List the prime factors of 80041.
13, 47, 131
List the prime factors of 398608.
2, 7, 3559
What are the prime factors of 17650?
2, 5, 353
List the prime factors of 187049.
187049
What are the prime factors of 20601731?
3389, 6079
What are the prime factors of 649356?
2, 3, 53, 1021
What are the prime factors of 27355560?
2, 3, 5, 311, 733
What are the prime factors of 672442?
2, 336221
What are the prime factors of 133940?
2, 5, 37, 181
What are the prime factors of 368375?
5, 7, 421
What are the prime factors of 14129150?
2, 5, 7, 73, 79
What are the prime factors of 1817795?
5, 7, 167, 311
List the prime factors of 1112007.
3, 13, 28513
What are the prime factors of 143588?
2, 35897
List the prime factors of 355772.
2, 29, 3067
List the prime factors of 219994.
2, 29, 3793
What are the prime factors of 91558?
2, 45779
What are the prime factors of 9279871?
2309, 4019
List the prime factors of 12496369.
397, 31477
What are the prime factors of 8833335?
3, 5, 7, 84127
List the prime factors of 4404845.
5, 23, 38303
List the prime factors of 5363475.
3, 5, 13, 5501
List the prime factors of 2268210.
2, 3, 5, 7, 1543
List the prime factors of 1981050.
2, 3, 5, 47, 281
List the prime factors of 22187.
11, 2017
List the prime factors of 1326725.
5, 53069
What are the prime factors of 12422751?
3, 11, 19, 19813
List the prime factors of 22664581.
2857, 7933
What are the prime factors of 30240?
2, 3, 5, 7
What are the prime factors of 36944337?
3, 457, 26947
What are the prime factors of 549862?
2, 274931
What are the prime factors of 9141122?
2, 53, 83, 1039
List the prime factors of 1939144.
2, 242393
List the prime factors of 13906449.
3, 79, 19559
List the prime factors of 366877.
7, 17, 3083
List the prime factors of 205655.
5, 41131
List the prime factors of 6894175.
5, 275767
What are the prime factors of 77515?
5, 37, 419
What are the prime factors of 85713?
3, 28571
List the prime factors of 2576889.
3, 7, 40903
What are the prime factors of 231479?
231479
List the prime factors of 23696747.
71, 333757
List the prime factors of 347406.
2, 3, 57901
What are the prime factors of 5913820?
2, 5, 11, 26881
What are the prime factors of 655467?
3, 41, 73
List the prime factors of 11432429.
1451, 7879
What are the prime factors of 869996?
2, 217499
List the prime factors of 24556833.
3, 7, 389791
List the prime factors of 191566.
2, 95783
What are the prime factors of 226116?
2, 3, 11, 571
What are the prime factors of 10673775?
3, 5, 7, 251
What are the prime factors of 1362791?
31, 43961
What are the prime factors of 37056220?
2, 5, 23, 80557
What are the prime factors of 242506?
2, 11, 73, 151
List the prime factors of 344221.
344221
List the prime factors of 193240.
2, 5, 4831
What are the prime factors of 771734?
2, 83, 4649
What are the prime factors of 211636?
2, 157, 337
What are the prime factors of 81159?
3, 13, 2081
List the prime factors of 1600701.
3, 61, 8747
List the prime factors of 370134.
2, 3, 20563
List the prime factors of 862823.
13, 31, 2141
List the prime factors of 724810.
2, 5, 72481
List the prime factors of 21448605.
3, 5, 1429907
List the prime factors of 460080.
2, 3, 5, 71
What are the prime factors of 239123?
43, 67, 83
What are the prime factors of 3770818?
2, 37, 50957
What are the prime factors of 272078?
2, 29, 4691
List the prime factors of 2065216.
2, 23, 61
List the prime factors of 8407233.
3, 271, 383
List the prime factors of 281696.
2, 8803
List the prime factors of 1238567.
11, 109, 1033
What are the prime factors of 13145538?
2, 3, 7, 312989
List the prime factors of 20502615.
3, 5, 7, 19, 43, 239
List the prime factors of 650600.
2, 5, 3253
List the prime factors of 89930.
2, 5, 17, 23
List the prime factors of 423607.
149, 2843
List the prime factors of 14422.
2, 7211
List the prime factors of 2160915.
3, 5, 144061
What are the prime factors of 14743463?
7, 193, 1559
List the prime factors of 103204.
2, 25801
List the prime factors of 15622027.
2459, 6353
List the prime factors of 27279.
3, 7, 433
What are the prime factors of 1749784?
2, 218723
List the prime factors of 313675.
5, 12547
List the prime factors of 5485488.
2, 3, 114281
List the prime factors of 5446352.
2, 340397
What are the prime factors of 1553301?
3, 172589
List the prime factors of 10149107.
10149107
List the prime factors of 238591.
238591
What are the prime factors of 839082?
2, 3, 109, 1283
List the prime factors of 7323934.
2, 71, 51577
What are the prime factors of 17678235?
3, 5, 1178549
What are the prime factors of 4854261?
3, 1618087
List the prime factors of 6126.
2, 3, 1021
List the prime factors of 9610766.
2, 11, 436853
What are the prime factors of 13336542?
2, 3, 491, 503
What are the prime factors of 3221100?
2, 3, 5, 1193
What are the prime factors of 2106167?
7, 53, 811
What are the prime factors of 602178?
2, 3, 100363
What are the prime factors of 105373?
105373
List the prime factors of 20342904.
2, 3, 847621
What are the prime factors of 961927?
961927
What are the prime factors of 60154?
2, 19, 1583
List the prime factors of 994025.
5, 39761
What are the prime factors of 409722?
2, 3, 23, 2969
What are the prime factors of 151363?
23, 6581
List the prime factors of 3725093.
193, 19301
List the prime